hest common factor of 2 and 7814?
2
What is the highest common factor of 7383 and 3243?
69
Calculate the highest common factor of 94119 and 1233.
411
Calculate the highest common divisor of 132 and 26807.
11
Calculate the highest common factor of 825 and 54175.
275
Calculate the highest common divisor of 2654260 and 280.
140
What is the highest common factor of 184 and 63779?
23
Calculate the highest common divisor of 6809735 and 1345.
1345
What is the highest common divisor of 121 and 2992?
11
Calculate the highest common factor of 28 and 333956.
28
Calculate the highest common factor of 10 and 28096.
2
Calculate the highest common factor of 84912 and 1015.
29
What is the greatest common factor of 824 and 104?
8
Calculate the highest common factor of 316 and 83108.
316
Calculate the highest common factor of 1495 and 19760.
65
What is the greatest common factor of 6 and 422787?
3
What is the greatest common divisor of 98 and 1358?
14
Calculate the highest common factor of 3 and 650232.
3
What is the highest common factor of 2072 and 98161?
259
What is the greatest common divisor of 7136 and 2512?
16
What is the highest common divisor of 13653 and 1961?
37
What is the greatest common factor of 6690 and 150?
30
What is the greatest common divisor of 39816 and 10332?
252
Calculate the greatest common factor of 3250 and 260.
130
Calculate the highest common divisor of 1032 and 239252.
172
What is the highest common divisor of 2950 and 64850?
50
Calculate the greatest common divisor of 3483 and 7611.
129
Calculate the highest common factor of 86 and 98986.
86
What is the greatest common factor of 3733510 and 110?
110
What is the greatest common divisor of 5540 and 18570?
10
Calculate the greatest common divisor of 26578 and 776.
194
Calculate the highest common factor of 3175 and 475.
25
Calculate the greatest common divisor of 2610 and 10620.
90
What is the greatest common divisor of 1694 and 5159?
77
Calculate the greatest common divisor of 33572 and 2616.
436
Calculate the greatest common factor of 21504 and 18.
6
Calculate the highest common divisor of 483 and 1218402.
69
Calculate the greatest common divisor of 1344 and 504.
168
What is the greatest common factor of 2948746 and 556?
278
What is the greatest common factor of 10478 and 3887?
169
What is the highest common divisor of 108 and 11244?
12
What is the greatest common factor of 915574 and 66?
22
What is the highest common divisor of 866480 and 4?
4
What is the greatest common divisor of 4402 and 2108?
62
Calculate the highest common divisor of 4051 and 1.
1
Calculate the greatest common divisor of 20912 and 80.
16
Calculate the greatest common divisor of 7952 and 197806.
994
What is the greatest common factor of 434629 and 6968?
871
What is the greatest common factor of 1799 and 2611?
7
Calculate the greatest common factor of 348 and 2001.
87
Calculate the highest common divisor of 161434 and 7.
7
What is the highest common factor of 32766 and 3225?
129
What is the greatest common divisor of 10524 and 60?
12
Calculate the highest common divisor of 63 and 2331.
63
What is the highest common factor of 24 and 890?
2
What is the highest common factor of 1349 and 8759?
19
What is the greatest common factor of 13711 and 4?
1
What is the highest common factor of 16 and 1818848?
16
What is the greatest common factor of 24 and 2370444?
12
Calculate the greatest common factor of 4170557 and 19.
19
What is the greatest common divisor of 30674 and 13772?
626
What is the highest common divisor of 27120 and 990?
30
What is the greatest common factor of 1214 and 146287?
607
What is the greatest common factor of 5240 and 108800?
40
Calculate the highest common divisor of 11 and 390775.
11
What is the highest common divisor of 337584 and 26?
26
What is the greatest common divisor of 252 and 7767?
9
What is the greatest common divisor of 630 and 38160?
90
Calculate the greatest common divisor of 1118 and 28862288.
1118
What is the highest common factor of 2216 and 5520610?
554
Calculate the greatest common divisor of 582 and 198.
6
What is the greatest common factor of 7270 and 90?
10
Calculate the greatest common factor of 21412 and 52.
4
Calculate the highest common divisor of 8019 and 3465.
99
Calculate the greatest common divisor of 6 and 300801.
3
What is the highest common factor of 834496 and 236?
236
Calculate the highest common divisor of 12257 and 309.
103
What is the highest common factor of 102 and 8619?
51
Calculate the highest common factor of 2148 and 6981.
537
Calculate the highest common factor of 800960 and 3200.
320
What is the greatest common factor of 669036 and 336?
12
Calculate the highest common divisor of 15040 and 91415.
235
Calculate the highest common factor of 30740 and 41180.
580
Calculate the highest common divisor of 28 and 195986.
14
Calculate the greatest common factor of 1168 and 1552.
16
What is the highest common divisor of 950 and 68590?
190
Calculate the highest common divisor of 118936 and 8.
8
Calculate the greatest common factor of 3813 and 129177.
93
Calculate the greatest common factor of 1616175 and 1320.
165
What is the highest common divisor of 504 and 141022?
14
What is the highest common factor of 5376 and 348?
12
What is the greatest common factor of 29205 and 4455?
495
Calculate the highest common factor of 7315 and 539.
77
What is the highest common factor of 75081 and 87?
87
What is the greatest common divisor of 90 and 15570?
90
What is the highest common divisor of 366 and 4036126?
122
What is the highest common factor of 24 and 15528?
24
What is the highest common factor of 22163 and 296?
37
Calculate the highest common factor of 12474 and 154.
154
Calculate the highest common factor of 103386 and 6.
6
What is the highest common factor of 132 and 219972?
12
What is the highest common factor of 59556 and 84?
84
What is the highest common divisor of 2860 and 16991?
13
What is the greatest common divisor of 3540 and 901815?
885
Calculate the highest common divisor of 3749 and 1219.
23
What is the highest common divisor of 144 and 3152?
16
Calculate the greatest common factor of 6102 and 297.
27
What is the greatest common divisor of 3342 and 114?
6
What is the greatest common divisor of 2 and 2102?
2
What is the greatest common divisor of 40 and 12632?
8
What is the greatest common divisor of 5670 and 18480?
210
What is the highest common divisor of 116 and 68730?
58
Calculate the greatest common divisor of 450524 and 92.
92
Calculate the highest common divisor of 156438 and 54.
54
What is the greatest common factor of 3760 and 7624?
8
What is the greatest common divisor of 1333 and 3655?
43
What is the greatest common divisor of 3525 and 1815?
15
Calculate the highest common divisor of 870371 and 95.
19
What is the greatest common divisor of 90 and 22805?
5
Calculate the highest common divisor of 5194 and 401422.
742
What is the greatest common divisor of 11128 and 104?
104
What is the greatest common divisor of 210310 and 50?
10
Calculate the greatest common divisor of 16 and 349480.
8
Calculate the highest common factor of 16397 and 152.
19
Calculate the greatest common factor of 983378 and 66.
22
Calculate the highest common divisor of 24031 and 7.
7
What is the greatest common divisor of 33330 and 231?
33
Calculate the highest common divisor of 240171 and 12.
3
What is the greatest common divisor of 160835 and 40?
5
Calculate the highest common divisor of 2802 and 6.
6
Calculate the greatest common factor of 7458 and 7296410.
2486
Calculate the highest common factor of 39 and 945321.
39
What is the highest common factor of 16271 and 15657?
307
Calculate the greatest common divisor of 34976 and 126.
2
What is the highest common divisor of 3546324 and 108?
36
What is the highest common divisor of 895 and 6050?
5
Calculate the greatest common divisor of 1440 and 30645.
45
Calculate the greatest common factor of 185 and 287305.
185
What is the highest common divisor of 1332 and 2740590?
666
Calculate the greatest common factor of 4 and 58091.
1
Calculate the greatest common divisor of 107793 and 49.
7
What is the greatest common factor of 63520 and 480?
160
What is the greatest common divisor of 364145 and 5?
5
Calculate the highest common divis